factor of g and l.
13
Suppose 2*a - a - 14 = 0. Suppose 0 = 12*j - a*j + 36. Let y be 26 - 0 - 4/(-4). Calculate the highest common factor of j and y.
9
Let c(f) = 11*f**2 + 6*f - 3. Let r be c(2). Suppose 5*t + 5*a = 700, t - 87 = 5*a + r. What is the highest common divisor of 28 and t?
28
Let q = -13 - -22. Let u = 5196 + -5187. Calculate the highest common divisor of u and q.
9
Suppose 0 = 5*f - 3*q - 437, -f + 5*q = 9*q - 92. Suppose 0 = -j + f - 82. What is the highest common divisor of 66 and j?
6
Let j(z) = z**3 - 14*z**2 + 33*z + 4. Let k be j(11). Suppose -3*b - l + 412 = 168, -3*b + k*l = -224. What is the greatest common divisor of b and 20?
20
Let n be -2 + -2 + (-1 - 1). Let q be ((-36)/8)/(3/n). Calculate the greatest common divisor of q and 99.
9
Let z = 41 - 33. Let j(r) be the third derivative of r**5/60 + r**4/4 + 7*r**3/6 + r**2. Let i be j(-5). Calculate the greatest common divisor of z and i.
2
Let k = -82 + 25. Let g = -135 - k. Let p be (-3)/2 - g/4. What is the greatest common divisor of 198 and p?
18
Let h(g) = g + 3. Let f be (4 + -2)/4*0. Let r be h(f). Suppose -u + r*i + 17 = 0, 2*u + 3*i + 7 - 14 = 0. What is the highest common factor of 16 and u?
8
Suppose -q + j = 9, 0*j = -5*q - 4*j - 9. Let m = 7 + q. Calculate the greatest common divisor of 18 and m.
2
Let x be 103 + -13 + 1*(0 - 1). What is the highest common factor of x and 89?
89
Let i be 1233/4 + 16/(-64). What is the highest common divisor of i and 539?
77
Suppose 5*y = 20, 2*f + 2*f - 32 = -2*y. Let p be 22 - (-18)/63*-14. What is the greatest common factor of p and f?
6
Suppose 10*t - 708 = 6*t - 3*n, 12 = -3*n. What is the greatest common factor of t and 2?
2
Let l be (-1 - -1) + 8 + -11. Let g be (-3)/(-6)*(-48)/l. Let y be 87 - (-5 - -3)/2. What is the greatest common factor of y and g?
8
Let f(m) = m**3 - 13*m**2 - 25*m + 5. Let h be f(15). What is the highest common factor of h and 60?
20
Let p(x) = 3*x - 72. Let t be p(35). Calculate the greatest common divisor of t and 22.
11
Let m(f) = -f**3 - f + 3. Let i be m(0). Let v be (-2)/6 + 7/i. Suppose -76 - 4 = -v*d. What is the greatest common divisor of 60 and d?
20
Suppose 0 = -33*o + 30*o - 6, 0 = j + 3*o - 72. What is the highest common divisor of 78 and j?
78
Let p be (-154)/(-70) - (0 - 2/(-10)). Let b be (-3)/(6/(-232)) - p. Calculate the greatest common factor of b and 6.
6
Let k = -527 + 772. Calculate the highest common factor of 15 and k.
5
Let n = -2 + 58. Calculate the greatest common divisor of 700 and n.
28
Suppose -2*d = 1 - 35. Let g(f) = 3*f**2 + 4*f + 4. Suppose -4 = 6*h - 28. Let j be g(h). What is the greatest common factor of j and d?
17
Let p = 7 - -26. Suppose s + 4*b - 27 = 0, 4*s = -0*b - b + p. Calculate the greatest common divisor of 7 and s.
7
Let w be -3 + (-1034)/(-10) - 4/10. Let f be ((-24)/10)/((-8)/w). Let r = 0 + 6. Calculate the greatest common factor of r and f.
6
Suppose z + 3*k - 6*k = 0, z = 4*k - 5. Let u = -2 + 32. What is the highest common factor of z and u?
15
Let x = 29 + -18. Let j = x - -29. Calculate the highest common factor of j and 8.
8
Suppose -4 = -3*a + 2*t + 7, 3*t + 7 = -5*a. Let d be (-1 + -6)*(a + -3). Calculate the greatest common factor of d and 126.
14
Suppose 11*a = 8*a + 144. Calculate the highest common factor of 120 and a.
24
Suppose -2*x - 61 = -171. Let g be 2/3 + (-458)/(-6). Let d = g - x. What is the highest common divisor of 22 and d?
22
Let c(l) = -3*l - 11. Let g be c(-4). Suppose -3*u = -4 + g. Let v be 62/(u*8/4). What is the highest common factor of 341 and v?
31
Suppose 0 = -2*p - 3*f + 6363, -4*p - f = -0*p - 12711. Suppose 21*j = -216 + p. Calculate the greatest common factor of j and 47.
47
Let i(r) = r**3 - 10*r**2 + 8*r + 11. Let b be i(9). Let c(u) = 7*u**2 + 2. Let d be c(0). Calculate the greatest common divisor of d and b.
2
Let t = -602 + 650. Calculate the greatest common factor of t and 64.
16
Let x = -23 - -172. Let f = x - 89. Calculate the greatest common divisor of f and 15.
15
Let k be ((-100)/(-15) + -6)/(5/180). What is the greatest common divisor of k and 16?
8
Suppose 2 - 4 = -u. Suppose -2*s - n = n - 26, u*s - 14 = 2*n. What is the highest common divisor of s and 160?
10
Let t = 54 - 54. Suppose 5*s - 5*o = -0*o + 85, o + 4 = t. Suppose -706 - 9 = -5*p. Calculate the highest common factor of s and p.
13
Let z = 5 - 3. Suppose -754 = -68*k + 42*k. Suppose -17 - 9 = -x + z*t, k = x - t. What is the highest common divisor of 4 and x?
4
Suppose 43*q - 42*q = 14. Let w = 0 + 56. Calculate the highest common factor of w and q.
14
Let s(z) = 3*z - 39. Let x be s(13). Suppose 3*j + 4*q = 516, j - 177 = -x*q - 3*q. What is the greatest common factor of 48 and j?
24
Let v be 2/18 + 1844/9 + -1. What is the highest common factor of 306 and v?
102
Let u(s) = s**3 + 6*s**2 - s + 8. Let l(v) = -v**2 + v - 6. Let t be l(0). Let c be u(t). Calculate the greatest common factor of c and 154.
14
Suppose -278 = 4*l - 718. Let c = 11 - 15. Let h = 6 - c. Calculate the highest common factor of l and h.
10
Let n(f) = -f + 9. Let w be n(5). Suppose 45 = -10*i + 145. What is the highest common factor of w and i?
2
Suppose -4*j - 5*j = -18. Let d be (-2 - (-10)/4)*8/j. Let p be 1 - (-19 + (-4)/(-2)). Calculate the greatest common factor of d and p.
2
Suppose 75*o = 70*o + 650. What is the highest common divisor of o and 170?
10
Suppose 18 = k + k - 3*i, -i = -5*k + 32. What is the greatest common divisor of k and 186?
6
Suppose 4*t + 2*p + 3*p - 1760 = 0, 0 = -t - 5*p + 440. Let s be -1*-10*(-66)/(-12). What is the greatest common factor of t and s?
55
Suppose 0 = -2*y - y + 72. Suppose 0 = -3*j + 20 + 7. Suppose 5*s - j*s = -32. What is the greatest common divisor of y and s?
8
Let i(g) = g**3 - 11*g**2 + 14*g - 10. Let j = -62 + 72. Let k be i(j). Calculate the highest common divisor of k and 40.
10
Let a(m) = -m**3 - 34*m**2 - 65*m - 28. Let k be a(-32). Suppose 0 = -3*w + 4 - 73. Let d = -13 - w. Calculate the greatest common divisor of k and d.
2
Suppose -36*y = -20*y - 912. Calculate the highest common factor of 1653 and y.
57
Let w = -84 - -149. Calculate the highest common divisor of w and 5.
5
Let n be (-1692)/(-84) + -11 - 2/14. Calculate the highest common divisor of n and 1521.
9
Let n(d) = -d + 33. Suppose 104 - 95 = v. Let t be n(v). Calculate the highest common divisor of 168 and t.
24
Let i be 3564/36*(-2 + 4). Calculate the greatest common factor of 306 and i.
18
Let w be ((-4620)/25)/(-2) + 4/(-10). Suppose 2*m - 52 - w = 0. Suppose -5*x = -2*u - 0*x + 8, 3*u + 3*x - 33 = 0. What is the highest common factor of u and m?
9
Let q(a) = -a**2 - 7*a - 1. Let f be q(-6). Let o = 63 - 54. Suppose -4*h + 17 = o. Calculate the highest common divisor of f and h.
1
Let a(s) = -10*s. Let c = 5 + 8. Let p = -21 + c. Let m be a(p). What is the highest common divisor of m and 10?
10
Let r = -959 + 963. Calculate the greatest common divisor of r and 56.
4
Let t = 46 - 45. Let v be (15 - -4) + -4*t. Calculate the greatest common factor of v and 45.
15
Let y(r) be the second derivative of 2*r**3/3 - 21*r**2 - 10*r. Let x be y(12). Calculate the greatest common divisor of x and 42.
6
Suppose 4*w - 1185 = -w. Let t = 341 - w. What is the greatest common divisor of 26 and t?
26
Suppose -2*p - 10 = -0*p. Let q(k) = -2*k - 9. Let y be q(p). Let x be (-3)/(6/(-8)*y). Calculate the highest common divisor of x and 16.
4
Suppose 18 = 4*a - 18. Let m be 3*(-1)/(-6)*2. Let c = a - m. What is the greatest common factor of c and 8?
8
Let c be 6*(-1)/(-3)*3. Suppose -27*y = -3*y - 144. What is the highest common divisor of y and c?
6
Suppose -4*q + 84 = 5*d, -d = -q + 24 - 3. Suppose 0 = 4*n - 183 - q. Calculate the greatest common factor of 68 and n.
17
Let p(w) = -w**3 + 11*w**2 + 5*w - 4. Let g be p(10). Suppose -4*x + 267 = -3*h, -2*x + h = -3*h - g. What is the greatest common divisor of x and 21?
21
Let j(r) = r**2 + 43*r + 156. Let x be j(-40). Calculate the greatest common divisor of 768 and x.
12
Let o be 24/(-60) + 44/10. Let q(i) = i**2 - 2*i - 1. Let n be q(3). Let f = n + o. What is the highest common divisor of f and 3?
3
Suppose 0 = -y - 4*t + 37, -t - 2 = 2. Let g = 58 - y. What is the greatest common factor of g and 2